mainder when q is divided by 92?
68
Suppose 188 = -6*v + 212. What is the remainder when 120 is divided by (-80)/(-112)*v/10*91?
16
Suppose 489 = 3*w - 3*r, 5*w - 1056 + 206 = -2*r. What is the remainder when w is divided by 3?
0
Let d(r) = r**2 - 24*r + 46. Let s be d(22). Let l(i) = -i + 9 + 4*i**2 - s*i + 2*i**3 - i**3 - 5*i**2. What is the remainder when 42 is divided by l(0)?
6
Let m = 5611 + -5567. What is the remainder when 324 is divided by m?
16
Let n = -87 - -90. Suppose 3*h + 38 = -2*s + 168, -n*h + 124 = -s. Let r = -17 + h. What is the remainder when r is divided by 4?
1
Let v = -20624 + 22313. What is the remainder when v is divided by 29?
7
Suppose 0 = -5*f + 2*f + 186. What is the remainder when f is divided by 6/(24/(-28)) + (61 - 45)?
8
Let l = 111 + -61. Calculate the remainder when 709 is divided by l.
9
Let y = -47 + -59. Let r = y - -142. Calculate the remainder when 142 is divided by r.
34
Suppose 0 = 2*r + 6, -4*z + 197 + 147 = -4*r. What is the remainder when 88 is divided by z?
5
Suppose -h - 2*b + 11 = 0, 0 = -14*h + 17*h + b - 38. Calculate the remainder when 28528/88 - 8/44 is divided by h.
12
Let s = 1157 + -1118. What is the remainder when s is divided by (11 + -3 - -1) + (-2 - -2)?
3
Let c(r) = -r**3 - 19*r**2 - 11*r + 611. Let k(u) = 10*u**2 + u + 1. Let w be k(-1). Calculate the remainder when w/(-3)*66/(-4) is divided by c(-16).
17
Suppose -i + 39 = -2*i - 3*a, 3*i = -5*a - 109. Calculate the remainder when 3/i + 3554/11 is divided by 55.
48
Suppose d + 2 = 4, 2*n - 4*d - 68 = 0. Let p be 1*-14*(-19)/n. Suppose 4*m - 2*x - 60 = -p*x, -3*m - 5*x + 45 = 0. What is the remainder when m is divided by 3?
0
Let u(g) = 4*g**2 + 27*g - 120. Let f be u(17). Suppose 19*h + f = 42*h. What is the remainder when 323 is divided by h?
63
Suppose 206 = 147*z - 143*z + 2*g, -197 = -4*z - 5*g. Calculate the remainder when z is divided by (-1 - (-38 + 1)) + 1.
16
Suppose -41*s = -98*s + 570. What is the remainder when 56 is divided by s?
6
Suppose -x + 3*q = -3*x + 55, 5*q = -x + 24. Let l = x + -10. Let n(t) = -3*t**2 + 105*t - 91. Calculate the remainder when l is divided by n(34).
8
Let q(x) = x**2 + 7*x - 9. Let l = -40 - -28. Let g be (-3)/(l/(-76)) - -4. What is the remainder when q(g) is divided by 19?
16
Let c(b) = -2*b**3 + 2*b**2 - 7*b - 54. What is the remainder when 422 is divided by c(-4)?
20
Suppose h - 4*u = 38 + 316, -5*h + 3*u = -1804. Calculate the remainder when h is divided by 92.
86
Suppose -2*x + 158 = -2*y, -x - 3*y + 89 = y. Suppose 0 = -3*t + x - 228. Let q = t + 102. Calculate the remainder when q is divided by 11.
9
Suppose 0 = 4*p + y - 2884, -p + 4*y + 565 = -156. Suppose 15*m = 584 + p. What is the remainder when m is divided by 29?
0
Let m = 84 + -79. What is the remainder when 35 is divided by (-10 - 5)*(-8)/m?
11
Let y = 3533 - 3398. Calculate the remainder when y is divided by 23.
20
Let x = 3450 - 3415. Let k(u) = -5*u + 7. Let d be k(-6). Let r = d - x. What is the remainder when r is divided by 2?
0
Suppose 0 = -3*g - 2*r - 5, 0*r - 2*r = -5*g - 19. Let i be 17*2*((-10)/4 - g). Let d = i + -8. What is the remainder when 17 is divided by d?
8
Let g(x) = 37*x - 188. What is the remainder when g(23) is divided by 61?
53
Suppose -24 = 37*q - 39*q. Let w be 78/q + (-1 - (-3)/(-6)). Suppose -w*h + 144 = -276. Calculate the remainder when h is divided by 17.
16
Calculate the remainder when 7312 is divided by 1588/10 + ((-368)/(-40) - 9).
157
Suppose 3337 = 73*l - 2*l. What is the remainder when 217 is divided by l?
29
Suppose 4*v + 201 = 581. Let r(x) = -4263*x + 4222*x - x**2 - 157 + 25. Calculate the remainder when v is divided by r(-37).
15
Let s(l) = -l**3 + 23*l**2 + l + 17. Let d(a) = 4*a - 13. Let x be d(9). What is the remainder when s(x) is divided by 25?
15
Suppose -4*o - 37 = j - 5*o, 0 = -4*o - 4. Let w = j + 42. Let q(u) = 30*u - 4. Calculate the remainder when q(w) is divided by 40.
36
Suppose -4*r = -4, -4*b + 0*r + 40 = 4*r. Calculate the remainder when 368 is divided by b.
8
Suppose -105*p + 5*p + 46080 = 80*p. Calculate the remainder when p is divided by 81.
13
Let f(n) = -2*n**2 + 43*n - 16. Let w be f(21). Suppose -g + 5 = p - 0, 5*g - 65 = w*p. What is the remainder when 17 is divided by g?
8
Let f(l) = 4*l**3 + 54*l**2 + 22*l + 7. Let i(k) = -44*k + 2. Calculate the remainder when i(-2) is divided by f(-13).
31
Suppose -24 = -3*o - 0. Suppose -1767 = -18*k - 57. Let v = 126 - k. What is the remainder when v is divided by o?
7
Let u(q) = 10*q**2 - 7 - 24*q + 19*q - 49*q. Calculate the remainder when 313 is divided by u(6).
23
Let z = 63 + -41. Suppose -7*g - z*g = -319. What is the remainder when 36 is divided by g?
3
Calculate the remainder when 1199 is divided by 1*92 + (-32 - 325/(-13)).
9
Let f = 17025 + -10083. Suppose 0 = 21*m + 159 - f. What is the remainder when m is divided by 25?
23
Suppose 89 = -5*x + 309. Let c(w) = -w**2 - 8*w + 27. Suppose 0 = 4*i + i - a + 50, 3*i = 4*a - 47. What is the remainder when x is divided by c(i)?
8
Suppose x + 5*c = 21, -3*x = 5*c + 34 - 57. Calculate the remainder when 270 is divided by x.
0
Let o(k) = k**3 - 6*k**2 + 13*k - 15. Let g be o(6). Suppose 4*y - g = -3*y. Suppose -y*v - 36 + 162 = 0. Calculate the remainder when v is divided by 5.
4
Suppose n - 98 = 2*g + 27, 2*n + 75 = -g. Let d = g + 67. Calculate the remainder when 120 is divided by 2 - d*87/(-6).
27
Suppose -589 = -43*t + 1389. Calculate the remainder when t is divided by 23.
0
Let z(r) = -3*r + r**2 - 2*r + 3*r - 5*r + 3. What is the remainder when (-4 - -86)*9/18 is divided by z(9)?
20
Let y = -434 - -429. What is the remainder when (-38)/(-95) - 53/y is divided by 1 + 1 - 6*-1?
3
Let m = 167 + -168. Calculate the remainder when 95 is divided by (-81)/(-3)*(m - (2 + -4)).
14
Suppose -23*v = 17*v + 20*v - 2220. Calculate the remainder when 367 is divided by v.
34
Let x(s) = 3*s**2 + 1. Let n be (3*1)/(15/10). Suppose d + n = -b + 3, 3*b + 45 = 5*d. Calculate the remainder when x(d) is divided by 37.
35
Let c be ((-138)/(-4) + 1)*10. Suppose 47*q = 52*q - c. What is the remainder when q is divided by 22?
5
Let u(m) = -4*m**3 + 28*m**2 - 11*m + 125. Suppose 3*s - 1675 = -2*s. What is the remainder when s is divided by u(7)?
47
Let g = -22 + 48. Suppose -3*q + 12 = 3*a, 0*a = a - 2*q + 11. Calculate the remainder when g is divided by ((-11)/4*a)/((-54)/(-216)).
4
Suppose -2*d + 1 = -1, -w + 5 = d. Suppose 2*r = 0, 0*r = -2*o + w*r + 8. Suppose -o*x - 20 = -9*x. What is the remainder when 30 is divided by x?
2
Let l(d) = d**2 - 10*d + 7. Let c be l(-5). Suppose c*g = 70*g + 636. What is the remainder when 103 is divided by g?
50
Let w = -5 + 66. Suppose -2*n = -5*q - 387, 0 = n + q + 4*q - 156. Calculate the remainder when n is divided by w.
59
Let g = 3424 + -3419. What is the remainder when 1756 is divided by g?
1
Suppose -86*f + 82*f + 414 = 2*z, 0 = 3*f + 4*z - 308. Calculate the remainder when 1242 is divided by f.
98
Suppose 130 = 2*z + y, 106*z + 2*y + 334 = 111*z. What is the remainder when 328 is divided by z?
64
Suppose -4*h + 126 = b, -60*b + 65*b + 2*h = 702. Calculate the remainder when 495 is divided by b.
69
Suppose 5*r + 40 = 3*r. Let f = 34 + r. Calculate the remainder when 47 - -1*-3*(4 + -5) is divided by f.
8
Let p(r) = r - 29. Let k be p(8). What is the remainder when 160 is divided by (-7)/k + (-161)/(-3)?
52
Let m = -6288 - -7886. What is the remainder when m is divided by 50?
48
Let h(n) = 3*n**2 - 54*n - 44. Calculate the remainder when 203 is divided by h(19).
8
Let n be (-6)/39 + (-51470)/65. Let f = n + 1158. Suppose 2*c = f - 20. What is the remainder when c is divided by 35?
33
Suppose 77*q = 31*q + 1096 + 2400. Calculate the remainder when 124 is divided by q.
48
Let k be 8/3*(-1)/((-20)/30). Suppose -k*v - v = -735. Calculate the remainder when v is divided by 8.
3
Let t = -15585 - -15605. Let x(l) = -l**3 - l**2 + 4. What is the remainder when x(-4) is divided by t?
12
Suppose 13 = -6*o - 29. Let a(g) = -g**2 + 8*g - 3. Let i be a(o). Let u = 167 + i. Calculate the remainder when u is divided by 20.
19
Suppose -44*l + 1328 - 370 = -98. What is the remainder when 3266 is divided by l?
2
Suppose d + 6*j = j, 4*d + 2*j = 72. Let w(m) = 2